Let w(i) = i**2 - 7*i + 1. Give w(7).
1
Let w(j) = -8*j + 26. Determine w(6).
-22
Let p(n) = -n**3 + 3*n**2 + 8*n - 13. Give p(6).
-73
Let x(g) = 7*g - 114. Determine x(14).
-16
Let f(n) = n - 8. Give f(7).
-1
Let t(z) = z**2 - 4*z + 4. Calculate t(4).
4
Let d(o) = 12*o**2 + 6*o - 5. What is d(1)?
13
Let h(j) = -55*j + 252. Determine h(5).
-23
Let q(c) = -7*c + 6. What is q(2)?
-8
Let a(k) = 35*k**2 + 1. Calculate a(-1).
36
Let q(u) = -2*u**2 + 16*u - 9. Give q(7).
5
Let d(i) = -i**2 + 7*i + 4. Determine d(7).
4
Let o(k) = k**3 - 6*k**2 + 6*k + 7. Calculate o(4).
-1
Let d(i) = 2*i**2 + 24*i - 15. Give d(-12).
-15
Let a(k) = -4*k + 5. Determine a(3).
-7
Let k(t) = -t**2 + 8*t + 10. What is k(-9)?
-143
Let o(p) = p**2 - 10*p - 33. What is o(13)?
6
Let g(m) = m**3 + 8*m**2 - 4. Calculate g(-8).
-4
Let h(j) = 3*j - 38. Give h(11).
-5
Let q(w) = w**3 + 2*w**2 - 4. Calculate q(0).
-4
Let j(z) = -3*z**3 - 3*z**2 - 3*z - 5. Determine j(-2).
13
Let z(q) = 3*q**2 - 4*q + 11. What is z(4)?
43
Let c(s) = 3*s**2 + 5*s - 7. What is c(2)?
15
Let i(q) = q**3 - 6*q**2 - 10*q + 3. What is i(7)?
-18
Let x(o) = 2*o - 1. Calculate x(4).
7
Let m(p) = -p**3 - 11*p**2 + 20. What is m(-11)?
20
Let s(d) = d - 2. What is s(6)?
4
Let y(i) = 5*i**2 - 5*i - 25. Give y(3).
5
Let h(g) = g - 7. Determine h(4).
-3
Let d(y) = y + 6. What is d(9)?
15
Let t(r) = -r**3 - 12*r**2 + 12*r - 45. What is t(-13)?
-32
Let d(n) = 4*n**3 - n**2 - 2*n - 1. Determine d(-1).
-4
Let m(l) = 3*l + 1. Give m(4).
13
Let w(i) = -4*i**2. Determine w(-2).
-16
Let g(y) = 5*y - 3. Give g(7).
32
Let i(q) = 6*q - 35. Give i(7).
7
Let y(c) = -2*c**2 + 88*c + 80. Give y(45).
-10
Let c(j) = j**3 - 2*j**2 + 3*j - 6. Give c(-3).
-60
Let y(m) = 128*m + 763. What is y(-6)?
-5
Let g(s) = 3*s**2 - 28*s + 59. Calculate g(2).
15
Let b(v) = 25*v**2 + 1. What is b(-1)?
26
Let m(o) = -o**3 - 9*o**2 + 14*o + 6. Calculate m(-9).
-120
Let i(v) = -9*v**2 - 11*v + 1. Calculate i(-2).
-13
Let u(x) = -x**2 - 7*x - 2. Calculate u(-8).
-10
Let y(t) = t**3 + 11*t**2 + 2*t + 11. Calculate y(-10).
91
Let i(b) = -b**3 + 14*b**2 - 23*b - 12. Calculate i(12).
0
Let l(z) = 7*z**3 - z - 2. Calculate l(-1).
-8
Let w(c) = c**3 + 3*c**2 - 7. Determine w(-4).
-23
Let h(q) = -q**2 + 6*q - 17. Give h(-7).
-108
Let l(w) = -6*w + 31. What is l(11)?
-35
Let c(i) = -i**3 + 6*i**2 + 5*i + 6. Determine c(7).
-8
Let j(i) = -12*i - 2. What is j(-2)?
22
Let s(n) = 18*n - 53. What is s(9)?
109
Let v(i) = i**2 - 14*i - 34. What is v(12)?
-58
Let k(p) = p**3 + 5*p**2 - p + 6. What is k(-6)?
-24
Let w(z) = -z**2 + 12*z + 10. What is w(7)?
45
Let q(u) = -2*u**3 - 2*u**2 + 7*u + 7. What is q(-3)?
22
Let j(s) = s**3 - 3*s**2 + s + 7. Give j(-3).
-50
Let r(g) = g**3 - 30*g**2 + 19. What is r(30)?
19
Let k(w) = w**2 + 11*w + 3. What is k(-11)?
3
Let c(g) = g**2 + g - 19. Determine c(0).
-19
Let c(i) = -2*i**3 + 11*i**2 + 9*i - 18. Determine c(6).
0
Let m(j) = -j**3 - 12*j**2 + 23*j - 36. Give m(-13).
-166
Let v(l) = -l**3 + l - 10. Give v(0).
-10
Let h(a) = -a**3 - 9*a**2 - 7*a + 10. What is h(-8)?
2
Let r(j) = -j**2 + 2*j + 32. Determine r(0).
32
Let k(a) = a**2 - 6*a + 17. Calculate k(6).
17
Let h(z) = 5*z + 166. What is h(-34)?
-4
Let x(q) = -13*q + 2. What is x(-4)?
54
Let j(o) = 9*o - 192. Determine j(21).
-3
Let s(r) = r**2 - 5*r + 6. What is s(7)?
20
Let p(f) = -f**3 - 14*f**2 - 9. Give p(-14).
-9
Let d(n) = n + 8. Give d(18).
26
Let m(o) = 3*o + 10. Determine m(-6).
-8
Let u(h) = 85*h - 176. Determine u(2).
-6
Let l(t) = -t**3 + 6*t**2 + 9*t + 3. What is l(7)?
17
Let d(u) = -6*u - 87. Determine d(-15).
3
Let k(r) = 2*r + 34. What is k(-10)?
14
Let z(b) = -3*b**2 + 5*b + 12. Determine z(6).
-66
Let i(o) = o**3 - 10*o**2 + 10*o - 23. Determine i(9).
-14
Let h(y) = -y**3 + 13*y**2 - y + 9. Give h(13).
-4
Let z(n) = -5*n + 36. Calculate z(7).
1
Let l(n) = -n**3 - 10*n**2 - 6*n - 65. What is l(-10)?
-5
Let p(t) = 6*t + 18. Determine p(-2).
6
Let z(f) = f**2 - 9*f - 3. What is z(7)?
-17
Let r(f) = f**3 - 9*f**2 + 6*f - 21. Calculate r(8).
-37
Let j(y) = -y**2 + 16*y - 28. Calculate j(16).
-28
Let y(o) = o**2 - 15*o + 56. Give y(11).
12
Let i(u) = -u + 2. Give i(7).
-5
Let k(h) = h**2 - 8*h - 20. Determine k(11).
13
Let z(c) = c**3 + 7*c**2 - c + 1. Calculate z(-7).
8
Let i(l) = 2*l**3 - l**2 - 2*l. Determine i(3).
39
Let b(h) = -2*h**2 + 15. What is b(4)?
-17
Let x(q) = q - 19. What is x(-12)?
-31
Let o(h) = h - 12. Determine o(8).
-4
Let w(k) = -k**3 - 15*k**2 + 20*k + 18. Give w(-16).
-46
Let p(l) = -2*l**2 + 22*l - 34. What is p(8)?
14
Let b(h) = -28*h + 34. Determine b(6).
-134
Let f(d) = -2*d**3 - 14*d**2 + 4*d - 16. What is f(-7)?
-44
Let j(s) = -57*s + 454. Calculate j(8).
-2
Let q(y) = -8*y**3 - 11*y**2 - 2*y - 1. What is q(-1)?
-2
Let x(s) = 4*s + 5. Give x(-2).
-3
Let x(q) = 8*q - 231. What is x(28)?
-7
Let g(b) = -13*b**3 + 4*b**2 - b + 1. Give g(1).
-9
Let p(a) = a**2 - 61*a + 183. Determine p(3).
9
Let g(y) = -2*y + 83. Give g(10).
63
Let a(z) = z - 1. Give a(4).
3
Let x(j) = -6*j - 31. Determine x(-9).
23
Let p(z) = 2*z**2 - 27*z + 79. Give p(5).
-6
Let f(z) = -z**2 - 28*z - 19. What is f(-23)?
96
Let v(l) = -l**2 - 36*l - 17. Give v(-28).
207
Let t(k) = k + 16. Calculate t(0).
16
Let m(g) = 3*g**2 - 4*g - 2. Determine m(-3).
37
Let p(x) = x**3 - 11*x**2 + 9*x. Calculate p(9).
-81
Let q(y) = 2*y**3 - 7*y**2 - 3*y + 6. Calculate q(5).
66
Let q(g) = g**2 - 26*g + 80. What is q(4)?
-8
Let s(f) = -f**3 + 14*f**2 - 10*f - 25. What is s(13)?
14
Let c(v) = v**3 - 9*v**2 + 12*v. Give c(5).
-40
Let b(j) = -28*j - 557. Calculate b(-20).
3
Let q(s) = -s**3 + 14*s**2 + 14*s + 31. What is q(15)?
16
Let h(f) = f**3 + 7*f**2 + 8*f - 7. Calculate h(-5).
3
Let g(l) = -24*l - 285. Calculate g(-13).
27
Let b(k) = -3*k**2 + 16*k + 17. Determine b(7).
-18
Let y(o) = o**3 + 6*o**2 + 2*o - 6. Determine y(-6).
-18
Let d(r) = r**2 - 3*r - 57. Give d(9).
-3
Let g(v) = v. Determine g(-8).
-8
Let d(m) = m**3 - 28*m**2 + 53*m - 36. What is d(26)?
-10
Let i(v) = -v**3 + 4*v**2 + 8*v + 2. Calculate i(6).
-22
Let k(r) = -r**2 - 9*r + 195. What is k(-19)?
5
Let g(d) = -2*d**2 - 5*d - 12. Give g(-5).
-37
Let f(s) = 2*s + 3. Calculate f(-2).
-1
Let z(h) = -h**2 + 10*h - 15. Give z(2).
1
Let g(s) = -s**3 - 5*s**2 + 5*s - 1. Determine g(-6).
5
Let a(s) = 15*s**2 + 32*s - 1. Determine a(-2).
-5
Let b(z) = -8*z + 5. What is b(1)?
-3
Let a(m) = -m**3 + 3*m**2 + 24*m - 17. What is a(-4)?
-1
Let a(v) = -v**2 - 2*v + 33. Give a(0).
33
Let g(k) = 4*k - 3. Calculate g(5).
17
Let k(u) = -102*u**3 - 3*u**2 + 2*u. Give k(1).
-103
Let p(q) = -q**2 + 36*q + 18. Determine p(0).
18
Let y(q) = -13*q + 96. Determine y(7).
5
Let t(i) = -i**3 - 11*i**2 - 16*i - 77. Determine t(-10).
-17
Let g(q) = q**3 - 11*q**2 + 10*q - 3. What is g(10)?
-3
Let w(x) = 113*x**3 + 3*x**2 - x - 2. Give w(1).
113
Let p(z) = 7*z - 2. What is p(1)?
5
Let z(m) = -2*m - 8. Calculate z(-7).
6
Let x(p) = 2*p**3 - 6*p**2 + 14*p - 7. Determine x(4).
81
Let i(u) = u**2 + 11*u + 35. What is i(-5)?
5
Let a(i) = i**3 - 3. Calculate a(-3).
-30
Let a(w) = -2*w - 93. What is a(7)?
-107
Let o(w) = -w**2 - 12*w - 9. Calculate o(-10).
11
Let s(g) = -3*g**2 + 16*g - 3. What is s(5)?
2
Let c(i) = 2*i - 10. Give c(7).
4
Let s(r) = r + 11. What is s(-24)?
-13
Let s(c) = c**3 + 4*c**2 + 2*c - 5. Calculate s(-3).
-2
Let v(r) = -r**3 - 9*r**2 - 18*r + 4. Calculate v(-5).
-6
Let t(c) = -19*c**3 + c**2 - 7*c + 7. Calculate t(1).
-18
Let k(i) = -i**3 - 21*i**2 + 20*i - 45. Give k(-22).
-1
Let h(c) = 13*c - 125. Determine h(10).
5
Let s(n) = -7*n + 3. Calculate s(3).
-18
Let a(l) = l**2 - l + 1. Give a(-3).
13
Let y(n) = n**3 + 4*n**2 - 33*n - 11. Determine y(-8).
-3
Let w(l) = -25*l**2 + l. What is w(2)?
-98
Let n(r) = 2*r**2 - 2*r - 1. Determine n(-1).
3
Let y(l) = -7*l + 5. Determine y(5).
-30
Let y(t) = t**3 + 14*t**2 + 27*t + 20. Determine y(-12).
-16
Let j(u) = 2*u**2 - 12*u + 13. Give j(4).
-3
Let m(a) = a - 9. Determine m(-5).
-14
Let y(k) = -k**3 + 9*k**2 + 12. What is y(9)?
12
Let z(h) = 2*h**2 - 5*h + 2. Determine z(3).
5
Let s(x) = x + 33. Give s(-14).
19
Let a(s) = -s**3 + 3*s**2 - s + 4. Give a(2).
6
Let l(g) = -25*g + 2. Give l(2).
-48
Let i(f) = f**2 + 6*f + 4. Give i(-2).
-4
Let u(a) = -a**2 + 10*a - 17. Calculate u(5).
8
L